 a prime number?
False
Is 10973 a composite number?
False
Is 17707 a composite number?
False
Is 11291 a composite number?
True
Is 248231 a composite number?
False
Is 44839 prime?
True
Is 300923 a composite number?
True
Is 1259 a prime number?
True
Is 617183 prime?
False
Is 86923 a composite number?
False
Is 8999 prime?
True
Is 2953 a prime number?
True
Is 37397 a composite number?
False
Is 193637 prime?
False
Is 4241 a prime number?
True
Is 1973095 prime?
False
Is 33287 a prime number?
True
Is 4249 a composite number?
True
Is 764747 prime?
False
Is 17965 composite?
True
Is 4619 prime?
False
Is 1168121 a composite number?
True
Is 761 prime?
True
Is 140297 composite?
False
Is 292909 a prime number?
True
Is 853 prime?
True
Is 728993 a prime number?
True
Is 11801 a composite number?
False
Is 2018911 a composite number?
True
Is 171778 prime?
False
Is 1041193 a composite number?
True
Is 62407 composite?
True
Is 81347 a composite number?
True
Is 26597 composite?
False
Is 29611 composite?
False
Is 26777 composite?
False
Is 137771 a composite number?
False
Is 100753 composite?
True
Is 15627 composite?
True
Is 8054 prime?
False
Is 310043 a prime number?
True
Is 10313 a prime number?
True
Is 223157 a prime number?
False
Is 1543 a composite number?
False
Is 4769 a prime number?
False
Is 923 a prime number?
False
Is 12317 a prime number?
False
Is 520019 composite?
False
Is 180031 prime?
False
Is 751207 a composite number?
False
Is 72577 a composite number?
False
Is 12929 prime?
False
Is 47563 a composite number?
False
Is 532493 prime?
False
Is 226813 a composite number?
False
Is 141923 prime?
False
Is 4510383 composite?
True
Is 1110311 composite?
False
Is 527821 a prime number?
False
Is 54935 a composite number?
True
Is 9091 a prime number?
True
Is 20771 prime?
True
Is 362911 a composite number?
False
Is 7411 prime?
True
Is 63853 prime?
True
Is 80309 prime?
True
Is 479 a prime number?
True
Is 797273 prime?
True
Is 136931 prime?
False
Is 82129 prime?
True
Is 55549 a composite number?
True
Is 6599 a prime number?
True
Is 76717 a composite number?
False
Is 64483 composite?
False
Is 199 a composite number?
False
Is 147469 composite?
True
Is 68393 composite?
True
Is 237137 a prime number?
True
Is 6541 prime?
False
Is 27581 composite?
False
Is 109481 a prime number?
True
Is 352561 a composite number?
True
Is 12071 prime?
True
Is 30341 composite?
False
Is 228881 composite?
False
Is 53723 composite?
True
Is 903689 a prime number?
False
Is 80101 composite?
True
Is 2803637 a prime number?
True
Is 223361 composite?
False
Is 108277 composite?
True
Is 17597 a prime number?
True
Is 2064745 composite?
True
Is 618459 a composite number?
True
Is 12049 prime?
True
Is 1687289 prime?
True
Is 4547 prime?
True
Is 72139 composite?
False
Is 75503 a prime number?
True
Is 6163 composite?
False
Is 549349 a composite number?
True
Is 25523 composite?
False
Is 528557 composite?
True
Is 1171 a prime number?
True
Is 1184389 composite?
True
Is 295597 composite?
True
Is 111049 a prime number?
True
Is 7094 a composite number?
True
Is 3777 a composite number?
True
Is 43141 a composite number?
True
Is 372055 a composite number?
True
Is 42373 a prime number?
True
Is 591 a composite number?
True
Is 862343 a composite number?
False
Is 4367 a composite number?
True
Is 20873 a composite number?
False
Is 1094 a composite number?
True
Is 39659 prime?
True
Is 135077 composite?
False
Is 11017 a composite number?
True
Is 505111 a prime number?
True
Is 36429 prime?
False
Is 20973 prime?
False
Is 44803 a composite number?
True
Is 49499 composite?
False
Is 16411 prime?
True
Is 18059 a prime number?
True
Is 42557 prime?
True
Is 27163 composite?
True
Is 50413 composite?
True
Is 5261 a prime number?
True
Is 11305541 composite?
True
Is 1344293 a composite number?
True
Is 535265 prime?
False
Is 248483 composite?
False
Is 1187 composite?
False
Is 253307 a prime number?
True
Is 112321 a prime number?
False
Is 130141 a composite number?
True
Is 2833 a composite number?
False
Is 615253 a composite number?
False
Is 27973 prime?
False
Is 864845 a prime number?
False
Is 8146 prime?
False
Is 45367 a composite number?
True
Is 903103 a prime number?
True
Is 14657 a composite number?
False
Is 921667 a prime number?
True
Is 206311 a composite number?
True
Is 42781 a composite number?
True
Is 35018 a prime number?
False
Is 845569 a composite number?
True
Is 106283 a prime number?
False
Is 283267 prime?
True
Is 4861 a composite number?
False
Is 1108493 a prime number?
False
Is 67339 prime?
True
Is 34753 prime?
False
Is 2159 a composite number?
True
Is 7481 a composite number?
False
Is 68767 a prime number?
True
Is 1086763 prime?
True
Is 11641 prime?
False
Is 1839 a composite number?
True
Is 7613 a composite number?
True
Is 3251 a composite number?
False
Is 115897 a composite number?
True
Is 1979 a prime number?
True
Is 309805 prime?
False
Is 236867 composite?
False
Is 19577 prime?
True
Is 443 a prime number?
True
Is 1381147 a prime number?
True
Is 567449 prime?
True
Is 5323 composite?
False
Is 45443 composite?
True
Is 463193 prime?
False
Is 473039 a composite number?
True
Is 24683 a prime number?
True
Is 32329 a prime number?
False
Is 169919 prime?
True
Is 359717 a composite number?
True
Is 367883 a composite number?
False
Is 74335 a composite number?
True
Is 514 prime?
False
Is 6542 prime?
False
Is 33599 prime?
True
Is 1425733 prime?
True
Is 4781 prime?
False
Is 1091 composite?
False
Is 60439 composite?
True
Is 9589 prime?
False
Is 235187 a composite number?
True
Is 174781 a prime number?
False
Is 6947 a prime number?
True
Is 215417 composite?
False
Is 80673 prime?
False
Is 491851 composite?
False
Is 334307 a composite number?
True
Is 767 a prime number?
False
Is 173969 composite?
False
Is 1044955 a prime number?
False
Is 2466323 composite?
False
Is 7041 composite?
True
Is 353 a prime number?
True
Is 186377 a composite number?
False
Is 11027 a composite number?
False
Is 284653 composite?
True
Is 9403 a composite number?
False
Is 124777 a prime number?
True
Is 11341 prime?
False
Is 433757 composite?
True
Is 587 a composite number?
False
Is 15217 composite?
False
Is 28357 a prime number?
False
Is 36097 composite?
False
Is 98269 prime?
True
Is 201401 a prime number?
True
Is 4751 composite?
False
Is 273821 composite?
False
Is 90571 composite?
True
Is 133709 a composite number?
False
Is 4855 prime?
False
Is 443659 a composite number?
False
Is 2762345 composite?
True
Is 12883 a composite number?
True
Is 703 prime?
False
Is 14173 a composite number?
False
Is 13471 a composite number?
True
Is 16327 a prime number?
False
Is 341269 composite?
False
Is 232043 composite?
True
Is 1182847 a prime number?
True
Is 549313 a prime number?
True
Is 159287 prime?
True
Is 158521 a composite number?
True
Is 369979 composite?
False
Is 25257 a prime number?
False
Is 16561 prime?
True
Is 38351 composite?
False
Is 57649 a composite number?
False
Is 18551 prime?
False
Is 1165 a composite number?
True
Is 112459 composite?
False
Is 9491 a prime number?
True
Is 2017 a prime number?
True
Is 1596649 a prime number?
True
Is 12219 a prime number?
False
Is 1511 a composite number?
False
Is 4757 prime?
False
Is 65431 composite?
True
Is 877 composite?
False
Is 5017 a composite number?
True
Is 42167 composite?
True
Is 72929 prime?
False
Is 35779 composite?
True
Is 305267 prime?
True
Is 950637 a composite number?
True
Is 14143 a composite number?
False
Is 99901 a prime number?
True
Is 371103 prime?
False
Is 20177 a prime number?
True
Is 78427 a prime number?
True
Is 5227 a prime number?
True
Is 23061 a composite number?
True
Is 141157 prime?
True
Is 9745 a prime number?
False
Is 21993 a composite number?
True
Is 201715 a prime number?
False
Is 388231 composite?
False
Is 48563 composite?
False
Is 13973 prime?
False
Is 134629 composite?
True
Is 4211 a prime number?
True
Is 4441 prime?
True
Is 3709 composite?
False
Is 295937 a composite number?
False
Is 14437 prime?
True
Is 12049 prime?
True
Is 4919 a prime number?
True
Is 179 composite?
False
Is 27149 a composite number?
True
Is 1073 a composite number?
True
Is 5189 composite?
False
Is 57217 prime?
False
Is 206279 composite?
False
Is 199817 a composite number?
True
Is 233173 a composite number?
False
Is 20687